hen i(4) is divided by b?
11
Let v(w) = 175*w**2 - 72*w - 271. What is the remainder when v(-6) is divided by 101?
98
Let g = 87 - 85. Suppose -x + 717 = 5*t, -g*x - 407 + 113 = -2*t. Suppose t = -q + 9*q. What is the remainder when q is divided by 5?
3
Suppose 3*b = -h - 107 + 36, 0 = 5*h + 2*b + 316. What is the remainder when 253 is divided by (-9)/(9/h) - 4/(-2)?
61
Suppose -2*z - t + 797 - 124 = 0, 0 = 3*z + t - 1012. Suppose z - 879 = -6*j. Calculate the remainder when j is divided by 14.
6
Suppose 954 = 3*q + 6*q. Let x be -9*((-10)/45 + 0). Suppose 2*b = -x*h + 104, -6*b + 2*b + 5*h = -226. Calculate the remainder when q is divided by b.
52
Suppose b - 8*b + 210 = 0. Let f = b - 26. What is the remainder when 172 is divided by 1/4 + 139/f?
32
Suppose 13*j - 2584 = -4*j. Suppose -48*s + j = -40*s. What is the remainder when 109 is divided by s?
14
Suppose 0 = 7*r - 10*r + 15. Suppose -r*a - 45 + 20 = 0, 0 = 4*p + 2*a - 46. What is the remainder when p is divided by -6 + 19 - (5 - 6)*-8?
4
Suppose -289 = t - 24. Let f = t + 299. Calculate the remainder when f is divided by 5.
4
Suppose 0 = -3*l + 2*h + 123, 5*l + h - 125 = 80. Let o = -264 + 714. Calculate the remainder when o is divided by l.
40
Let u(z) = 33*z + 4. Let w be u(-1). Let m = w - -34. Let r = 14 - m. Calculate the remainder when 28 is divided by r.
1
Suppose 45*l - 41*l = -72. What is the remainder when (-482)/l + -5*(-6)/135 is divided by ((-14)/(-2))/((0 - -3)/3)?
6
Let d = -1879 + 801. Let s = -1048 - d. Let g = -35 - -52. Calculate the remainder when s is divided by g.
13
What is the remainder when 78 is divided by (9/6 - (-2 + 2)) + (-975)/(-150)?
6
Let n = -151 - -51. Let j be (9/(-9) - 14/(-8))*n. Let p = j + 93. What is the remainder when 52 is divided by p?
16
What is the remainder when -4*4197/(-72) + (-12)/72 is divided by (0 + -114)/(-2) + 2?
56
Let k(u) = -3*u**2 + 2 + 3*u**3 + 2 + u - 11*u**3 + 7*u**3. Suppose 12 = -p - p + 2*j, 24 = -3*p + 5*j. Calculate the remainder when 3 is divided by k(p).
0
Suppose -1323 = -52*z - 283. What is the remainder when 3/(3/68 + 0) is divided by z?
8
Suppose -5*v = 6 - 66. Let f(h) = -h**3 + 12*h**2 + 4*h + 12. What is the remainder when f(v) is divided by 23?
14
Let o(x) = 3*x - 165. Let j be o(-41). Let z = j + 355. What is the remainder when z is divided by 5?
2
Suppose 3*k + 3*p = 423 + 747, 5*p + 1560 = 4*k. What is the remainder when 179 is divided by 8/(-3)*k/(-52)?
19
Let h(g) = -g**3 - 2*g**2 + 15*g - 16. Let v be h(-5). Let f(m) = -m**3 - 14*m**2 + 17*m - 26. What is the remainder when f(v) is divided by 27?
25
Suppose -62*x = 263*x - 16509 - 1366. Let m be (1 - 85)*(-2)/4. Suppose 0 = 4*s - s - m. What is the remainder when x is divided by s?
13
Let g be (2/(-7))/(4/(-28)). Suppose 0 = t + 5*q - 2, 3*t = 2*t + g*q + 30. Suppose 463 = -68*j + 499 + 4112. What is the remainder when j is divided by t?
17
Let v(u) = 30*u - 375. Suppose -4*m + 3*m + 73 = 0. Calculate the remainder when m is divided by v(14).
28
Suppose -2*v + 82 = 72. Suppose -2*i = 4 + 34. Let y = v - i. What is the remainder when 143 is divided by y?
23
Calculate the remainder when (((-11)/(-30) - 1) + 42/315)*-602 is divided by 60.
1
Let y(m) = -4*m - 41. Let c be y(-10). Calculate the remainder when (c*108/30)/(2/(-25)) is divided by 39.
6
What is the remainder when 2073 is divided by 252/(-49)*(-182)/(-39)*-2?
9
Let f = 2011 + -1956. Calculate the remainder when f is divided by 15.
10
Suppose -a + 1 = -5. Let g = 492 - 357. Calculate the remainder when g is divided by a.
3
Suppose -5*q - 93*t + 89*t + 760 = 0, 4*q + 5*t - 599 = 0. Calculate the remainder when q is divided by 12.
0
Suppose 0 = 6*n - 2*n - 152. Let v(a) = a**3 + 4*a**2 + 14*a + 105. Calculate the remainder when n is divided by v(-5).
8
Let s(w) = -11*w + 102. Let n be (-3 - -6) + -3 + 8. Calculate the remainder when 82 is divided by s(n).
12
What is the remainder when (128/(-6))/(96/(-288)) is divided by 23?
18
Let w(u) = 10*u + 16. Let k = 1 + 10. Let v be w(k). Suppose -5*m - v = -7*m. Calculate the remainder when m is divided by 13.
11
What is the remainder when 1275 is divided by -11 - (-10 - -10) - -31?
15
Let h = 406 + -400. Let b(y) = -8*y + 95. What is the remainder when b(h) is divided by 4/14 + 173/7?
22
Suppose -5*q + 144 = f, -4*f = -4*q - 5*f + 116. Let t = 3 - -1. Suppose 0 = t*a + a - 90. Calculate the remainder when q is divided by a.
10
Let h = 265 + -214. Calculate the remainder when 6/5*1980/24 is divided by h.
48
Let k = -154 + 195. Suppose -69 = -11*p + k. Suppose 2*i = 3*z - 17, 5*z = -i - 1 + 25. Calculate the remainder when p is divided by z.
0
Let g = -2 - 2. Let q(x) = -6*x - 42. Calculate the remainder when (1 - (g + 2))*9 is divided by q(-8).
3
Let k = 116 - 195. Let n = k - -99. Let p(g) = 80*g**3 - 2*g + 1. What is the remainder when p(1) is divided by n?
19
Let y(u) = 101*u**3 + 2*u**2 + u + 1. Let h be y(2). Suppose -34*c + 21*c = -h. Calculate the remainder when c is divided by 8.
7
Suppose 185*l = 178*l + 1295. Calculate the remainder when 450 is divided by l.
80
Let k = -2770 - -2778. Calculate the remainder when 43 is divided by k.
3
Let x(q) = -q**3 + 23*q**2 - 86*q - 10. What is the remainder when 1418 is divided by x(5)?
8
Let v(c) = c**3 - 8*c**2 + 7*c + 14. Let k be (((-15)/(-2))/1)/((-1)/(-64)). Calculate the remainder when v(9) is divided by (-1*(-6)/(-5))/((-18)/k).
30
Let k(c) = 3*c**2 - 13. Let s be k(3). Suppose -s*l = -23*l + 486. What is the remainder when l is divided by 12?
6
Suppose -12*q = -47*q + 120154 + 61916. What is the remainder when q is divided by 43?
42
Let m(t) = t**2 + 187*t + 5789. Calculate the remainder when 13648 is divided by m(-39).
14
Suppose 2*x - r - 38 = -2*r, -8 = 4*r. Let v = -256 + 373. Suppose 5*n + 195 = 5*k, -4*n + v = 3*k - 2*n. Calculate the remainder when k is divided by x.
19
Let n = -2240 - -4037. Calculate the remainder when n is divided by 34.
29
Let h(a) = -17*a**2 - 23*a + 37 + 74*a**3 - 52 - 75*a**3 - 58 - 22. What is the remainder when 99 is divided by h(-16)?
14
Suppose -2*o - 151191 + 17883 = -25*o. Calculate the remainder when o is divided by 187.
186
Suppose 20*k - 24*k = 3*o + 1156, o + 3*k + 392 = 0. What is the remainder when ((-43)/(-4))/((-19)/o) is divided by 11?
6
Calculate the remainder when (2835*21)/15 - 12 - (-1 + -1) is divided by 90.
89
Suppose 4*h = -3*j + 573, 3*j = 2*h - j - 270. Let v = 15022 - 15006. What is the remainder when h is divided by v?
13
Suppose z + z - 168 = 0. Calculate the remainder when z is divided by -1*(-18 + (-32)/4) - (3 - 8).
22
Let a(k) = -k + 52 + 5*k - 10*k - k**2. Calculate the remainder when 98 is divided by a(-9).
23
Suppose 14*t = 3*s + 10*t - 27, -2*s = 5*t + 5. Suppose 0 = -5*o - 2*l + 37, -o + l - 2*l + s = 0. What is the remainder when o is divided by 6?
3
Let d = -12418 + 12470. Calculate the remainder when 972 is divided by d.
36
Let v = 6 - 2. Suppose 2*p + 3*q - 54 = 0, 3*p - 83 + 0 = -v*q. Let x = p + -23. What is the remainder when 39 is divided by x?
9
Let p be (-869)/(-44) - (-1)/4. Suppose -259*i + 264*i - p = 0. Calculate the remainder when i is divided by 4.
0
Suppose 0 = -53*f + 12781 + 5186. Calculate the remainder when f is divided by 115.
109
Suppose -29 = 3*a + 73. Let j = a - -75. Let f = -22 + j. Calculate the remainder when 52 is divided by f.
14
Let g(d) be the second derivative of 3*d**3/2 - 4*d**2 + 89*d. Calculate the remainder when 10 is divided by g(2).
0
Suppose 0 = -i + 2, -o + i + 74 = 5*i. What is the remainder when o is divided by ((-22218)/(-28))/23*4/6?
20
Let t be (4/(48/(-93)))/(3/36). Let x = t + 103. Calculate the remainder when 79 is divided by x.
9
Let m = -238 + 243. Let u(g) = 4*g**2 - 9*g + 4. Calculate the remainder when u(m) is divided by 3.
2
Let b(h) = 3*h + 7. Let r(v) = -2*v. Let c be r(1). Let i be -2 + c - (-4 + -4). Calculate the remainder when 34 is divided by b(i).
15
Suppose -3*f + 226 = x + 206, -x - 10 = -3*f. Calculate the remainder when 187 is divided by f.
2
Let s = -48604 + 48648. Let i = 92 + 26. Calculate the remainder when i is divided by s.
30
Let k(z) = 107*z - 35. Let f be k(-3). Let q = f + 390. Calculate the remainder when 82 is divided by q.
14
Calculate the remainder w